eatest common factor of s and k?
3
Let u(s) = -s**3 - 21*s**2 - 48*s - 10. Let q be u(-19). Let y = 364 - q. What is the greatest common factor of 8 and y?
8
Let x(k) = 3*k**2 + 11*k - 14. Let v be x(-9). Let f be (-4 + v/(-35))/(6/(-280)). Suppose 0 = 23*w - 19*w - f. What is the highest common divisor of 60 and w?
30
Let k(z) = -5*z + 2. Let i be k(-2). Suppose -v = -4*y + 38, -3*y = -v - 3*v - 165. Let t = v - -114. Calculate the highest common factor of i and t.
12
Let h = 0 + 28. Suppose 5*o + 3*j - 2*j = 984, -384 = -2*o + 2*j. What is the greatest common divisor of h and o?
28
Let z = -1236 - -1272. What is the greatest common divisor of z and 810?
18
Suppose -3344*h = -3336*h - 944. What is the greatest common factor of 32804 and h?
118
Suppose -5*f - 19 = -59. Let b(j) = -j**2 - 3*j - 2 + f + 6*j + 6*j. Let a be b(9). What is the greatest common factor of 4 and a?
2
Let c be 1*(3 + -223)/(-4). Let l be (c/10 + -3)*(-12)/(-10). Let s be (-1536)/9*(3/2 - l). What is the greatest common divisor of 32 and s?
32
Suppose 4*w + 1957 = 5*j - 851, 8 = -4*w. Calculate the highest common factor of 630 and j.
70
Let l(x) = 2130*x - 778. Let r be l(3). Calculate the highest common divisor of 276 and r.
92
Let k = 274 + -280. Let j be (k/(-3))/1 - (-10 - 6). Let b be ((-21)/(-5))/(2/60). What is the greatest common factor of b and j?
18
Let i be (30/15 + 1 - -3) + (-36)/(-3). Suppose -2*r = -3*h + 380, h - 130 = -2*r + 6*r. What is the highest common factor of h and i?
18
Let o = 11586 - -12460. What is the highest common factor of 22 and o?
22
Suppose -3*w - 121*m + 958 = -116*m, 0 = w - 4*m - 308. Calculate the greatest common divisor of 3634 and w.
158
Let v be (1720/1204)/(1/42). What is the highest common divisor of v and 1860?
60
Suppose k = -5*b - 362, -4*b - 2*k + 0*k = 286. Suppose x = 2*x - 125. Let d = x + b. What is the highest common factor of d and 39?
13
Suppose 81932 = 17*q - 6723. Calculate the greatest common divisor of q and 35.
35
Let f = -72 + 74. Let k be (1 + 35/10)*f. What is the highest common factor of 9 and k?
9
Let t = -3072 - -3201. Calculate the greatest common divisor of 989 and t.
43
Let p(o) = 13*o - 267. Let t be p(27). Suppose 5*x - 149 = -6*y + 3*y, 0 = 3*x + 3*y - 93. Calculate the greatest common divisor of t and x.
28
Let z(x) = x**2 - 10*x - 8. Let f be z(11). Let k = -476 - -503. What is the highest common factor of k and f?
3
Suppose 0 = s - 3*m - 13, s - m - 15 = -0*m. Let d = 972 + -916. Calculate the greatest common factor of s and d.
8
Suppose 1855 + 2136 + 356 = 207*a. Calculate the highest common factor of 44 and a.
1
Let n be (0 - -28)*(-13 - ((-126)/36 - 10)). Suppose 4 + 171 = 5*m. What is the greatest common divisor of m and n?
7
Let s be 1 + 4 + (-16)/2. Let z be 1/s*15 + 65. Calculate the greatest common divisor of 36 and z.
12
Suppose 207*s - 712362 = 186*s. Calculate the greatest common divisor of 14 and s.
14
Suppose -25*d + 19533 = -100867. What is the highest common divisor of 112 and d?
112
Let l = 35 - -24. Suppose -43 = -3*i + l. Calculate the highest common factor of 2 and i.
2
Let w(h) = -5*h**2 - 3. Let v be w(3). Let u = -20 - v. Let i = -2010 + 2017. What is the highest common divisor of u and i?
7
Let i(g) = 377*g**3 + 11*g**2 - 3*g + 1. Let a be i(1). What is the greatest common divisor of a and 6?
2
Let u(f) = f**3 + 6*f**2 + 5*f - 6. Let x be u(-3). Suppose -x - 38 = -4*r. Calculate the greatest common factor of 33 and r.
11
Let v(b) = -b**2 + 9*b - 4. Let t be (-260)/(-30) + 4/(-6). Let r be v(t). Let z = r + 0. What is the greatest common factor of 20 and z?
4
Suppose 0 = d - 55 - 151. Suppose -38 + d = 2*b. Let h(r) = r**2 + 135*r - 17484. Let t be h(-216). Calculate the greatest common factor of b and t.
12
Suppose 51981 = 189*c + 12858. What is the greatest common divisor of c and 3105?
207
Suppose l - 466 = -3*a, 628 = 4*a + 3*l - 0*l. What is the greatest common factor of a and 3872?
22
Let h(m) = 697*m - 2603. Let l be h(24). What is the highest common factor of 100 and l?
25
Suppose 12*y - 2*x + 557 = 13*y, 0 = -x - 5. Calculate the highest common divisor of y and 42.
21
Let j(z) = -z**3 + 10*z**2 - 13*z + 3. Let p be j(7). Suppose -9*w - 2*w + 4543 = 0. What is the highest common factor of p and w?
59
Suppose -253 = -4*d + s, 86*d = 83*d + 5*s + 177. What is the highest common factor of d and 12224?
64
Suppose 0 = 51*f + 24*f - 450. What is the greatest common factor of 762 and f?
6
Let o(d) = 25402*d + 203260. Let i be o(-8). Let l = -1132 + 1726. What is the greatest common factor of i and l?
22
Let k be 16/(-6)*(-2178 + (21 - 15)). What is the greatest common divisor of 32 and k?
32
Let d(i) = 4*i**2 + 410*i - 8687. Let f be d(20). What is the highest common factor of 175 and f?
7
Suppose -10 = -5*p, 11 = 5*j - p - p. Let m be ((-1)/(-3))/(j/252). What is the greatest common divisor of m and 616?
28
Let q be 5/(50/40) - 137. Let l = -87 - q. Calculate the highest common divisor of 10 and l.
2
Let p = 4968 - 4548. What is the greatest common factor of p and 4305?
105
Let h = 72 + -69. Suppose -5*p = 3*g + 162, -4*g = h*p - g + 102. Let j be (-4)/p + (-832)/(-60). What is the highest common divisor of j and 7?
7
Let p(m) = -m**3 - 32*m**2 + 455*m - 432. Let n be p(-43). What is the highest common factor of n and 2090?
38
Let c(a) = 17*a - 615. Let u be c(38). Calculate the highest common factor of u and 16.
1
Let l(s) = 4*s**3 - 3*s**2 - 75*s - 78. Let h be l(12). What is the highest common factor of 112 and h?
14
Suppose -25439 = 27*p - 341771. What is the highest common divisor of p and 116?
116
Let o be 2 - 2766/(-36) - (-2)/12. Let g = 4 - o. Let c = 108 + g. What is the greatest common factor of 165 and c?
33
Let q be (-39)/(-52) - 81/12. Let i(s) = -s**3 - 3*s**2 + 13*s - 4. Let d be i(q). What is the highest common factor of d and 8?
2
Let s(k) = 432*k + 40. Let z be s(0). What is the greatest common divisor of 9360 and z?
40
Suppose 8*s - 30 = 13*s. Let r be ((-15)/s)/(6/360). What is the highest common divisor of 30 and r?
30
Let s(z) = -z**3 - 16*z**2 - 7*z - 10. Let p be (3 - 0)/(5/(-25)). Let b be s(p). Let y = b - -152. Calculate the greatest common divisor of y and 154.
22
Let b(j) = j**2 + 6*j + 6. Let a be b(-5). Suppose -3*m - 434 = -50. Let d = m - -136. What is the greatest common factor of d and a?
1
Let l = -10 - 1. Let w(t) = 0 - 3*t - 8 - 16. Let g be w(l). What is the highest common factor of 36 and g?
9
Suppose 37*w + 52*w = 112*w - 46. Calculate the greatest common factor of 787 and w.
1
Let f be ((-742)/(-84)*6)/((-10)/(-50)). Calculate the greatest common factor of 41605 and f.
265
Suppose 30 = -l + 4*l. Let s(d) = -d**2 - 2*d + 7. Let h be s(-3). Suppose 3*r - l = -h. What is the greatest common factor of r and 4?
2
Suppose -4*g = 393 - 5. Let q = -196 - -192. Let b be -2*q/(-8) - g. What is the highest common factor of b and 64?
32
Let g be (-10)/30*3*-1441. What is the greatest common factor of g and 524?
131
Let l(m) = m**3 + 13*m**2 - 6*m + 154. Let g be l(-14). What is the greatest common factor of g and 6594?
42
Suppose 0 = 8*y - 214 - 186. Suppose -18*w - 14 = -y. What is the highest common factor of 22 and w?
2
Let n(k) = -k**2 - 20*k + 405. Let p be n(7). Calculate the highest common divisor of 1269 and p.
27
Suppose -78*n + 236 = 2*y - 76*n, -5*n - 124 = -y. Calculate the highest common factor of y and 28.
7
Suppose 26*s - 1581 - 1019 = 0. Let i = 255 - 135. What is the greatest common factor of s and i?
20
Suppose 254 = 2*d - 2*y, -2*d + 295 = 4*y + 23. Let z = 141 - d. Calculate the greatest common factor of 231 and z.
11
Let j = 13400 - 13163. Calculate the greatest common divisor of 474 and j.
237
Let q(j) = -16*j**3 - 4*j**2 - j - 19. Let m be q(-3). What is the highest common divisor of 1216 and m?
76
Suppose -2*x + 4*x = 1526. Let i = -503 + x. Suppose -3*u - w + 77 = 0, -5*u - 4*w + 34 + 92 = 0. Calculate the highest common divisor of i and u.
26
Let f = 23320 - 20855. Calculate the highest common factor of f and 2755.
145
Let n = 7116 - 6948. Calculate the greatest common factor of n and 238.
14
Suppose 5*y - 4*g = 419 + 15, -2*y + 5*g = -160. Calculate the highest common factor of 282 and y.
6
Let y(a) = -a**3 + 58